{"id":3042,"date":"2023-04-18T18:25:02","date_gmt":"2023-04-18T16:25:02","guid":{"rendered":"https:\/\/www.fs-sprache-alter-muehlenweg.de\/wordpress\/?page_id=3042"},"modified":"2025-09-18T17:55:39","modified_gmt":"2025-09-18T15:55:39","slug":"projektwoche-fit-und-gesund","status":"publish","type":"page","link":"https:\/\/www.fs-sprache-alter-muehlenweg.de\/wordpress\/?page_id=3042","title":{"rendered":"Fit-und-gesund-Woche"},"content":{"rendered":"\n<p>Im M\u00e4rz 2023 fand unsere diesj\u00e4hrige Fit-und-gesund-Woche statt. Den Schulalltag starteten wir immer mit einer gemeinsamen sportlichen Aktion auf dem Schulhof, wie beispielsweise einem Bewegungslied oder einer Joggingrunde um die Schule. An einem Aktionstag konnten sich die Kinder in einer Doppelstunde selbstst\u00e4ndig an verschiedenen Stationen, mit den Themen Gesundheit, Bewegung, Ern\u00e4hrung und Entspannung auseinandersetzten. Die Stationen wurden von den Lehrkr\u00e4ften durchgef\u00fchrt und fanden drinnen und drau\u00dfen. Am Tag darauf wurden alle Kinder zu einem gesunden Fr\u00fchst\u00fcck eingeladen mit Kr\u00e4uterquark, Gem\u00fcse und Brot. Beim Abschlusslauf am letzten Tag im Park waren alle nochmal sehr motiviert.<\/p>\n\n\n\n<p><\/p>\n\n\n\n<p class=\"has-luminous-vivid-amber-background-color has-background\"><strong>Alle Kinder der Schule sind 978 Runden gelaufen. Das sind 294 km. Die Elefanten-Klasse 4c hat mit 81 Runden den Rekord geschafft. <\/strong><\/p>\n\n\n\n<figure class=\"wp-block-gallery has-nested-images columns-default is-cropped wp-block-gallery-1 is-layout-flex wp-block-gallery-is-layout-flex\">\n<figure class=\"wp-block-image size-large\"><a href=\"https:\/\/www.fs-sprache-alter-muehlenweg.de\/wordpress\/wp-content\/uploads\/2021\/03\/ee1bf633-b32c-4240-be13-13b0f6f00084.jpeg\"><img loading=\"lazy\" decoding=\"async\" width=\"1024\" height=\"819\" data-id=\"1864\" src=\"https:\/\/www.fs-sprache-alter-muehlenweg.de\/wordpress\/wp-content\/uploads\/2021\/03\/ee1bf633-b32c-4240-be13-13b0f6f00084-1024x819.jpeg\" alt=\"\" class=\"wp-image-1864\" srcset=\"https:\/\/www.fs-sprache-alter-muehlenweg.de\/wordpress\/wp-content\/uploads\/2021\/03\/ee1bf633-b32c-4240-be13-13b0f6f00084-1024x819.jpeg 1024w, https:\/\/www.fs-sprache-alter-muehlenweg.de\/wordpress\/wp-content\/uploads\/2021\/03\/ee1bf633-b32c-4240-be13-13b0f6f00084-300x240.jpeg 300w, https:\/\/www.fs-sprache-alter-muehlenweg.de\/wordpress\/wp-content\/uploads\/2021\/03\/ee1bf633-b32c-4240-be13-13b0f6f00084-768x614.jpeg 768w, https:\/\/www.fs-sprache-alter-muehlenweg.de\/wordpress\/wp-content\/uploads\/2021\/03\/ee1bf633-b32c-4240-be13-13b0f6f00084.jpeg 1168w\" sizes=\"auto, (max-width: 1024px) 100vw, 1024px\" \/><\/a><\/figure>\n\n\n\n<figure class=\"wp-block-image size-large\"><a href=\"https:\/\/www.fs-sprache-alter-muehlenweg.de\/wordpress\/wp-content\/uploads\/2021\/03\/b10a3c1e-211e-481f-9cca-d50ead615ad2.jpeg\"><img loading=\"lazy\" decoding=\"async\" width=\"1024\" height=\"871\" data-id=\"1863\" src=\"https:\/\/www.fs-sprache-alter-muehlenweg.de\/wordpress\/wp-content\/uploads\/2021\/03\/b10a3c1e-211e-481f-9cca-d50ead615ad2-1024x871.jpeg\" alt=\"\" class=\"wp-image-1863\" srcset=\"https:\/\/www.fs-sprache-alter-muehlenweg.de\/wordpress\/wp-content\/uploads\/2021\/03\/b10a3c1e-211e-481f-9cca-d50ead615ad2-1024x871.jpeg 1024w, https:\/\/www.fs-sprache-alter-muehlenweg.de\/wordpress\/wp-content\/uploads\/2021\/03\/b10a3c1e-211e-481f-9cca-d50ead615ad2-300x255.jpeg 300w, https:\/\/www.fs-sprache-alter-muehlenweg.de\/wordpress\/wp-content\/uploads\/2021\/03\/b10a3c1e-211e-481f-9cca-d50ead615ad2-768x653.jpeg 768w, https:\/\/www.fs-sprache-alter-muehlenweg.de\/wordpress\/wp-content\/uploads\/2021\/03\/b10a3c1e-211e-481f-9cca-d50ead615ad2.jpeg 1200w\" sizes=\"auto, (max-width: 1024px) 100vw, 1024px\" \/><\/a><\/figure>\n\n\n\n<figure class=\"wp-block-image size-large\"><a href=\"https:\/\/www.fs-sprache-alter-muehlenweg.de\/wordpress\/wp-content\/uploads\/2021\/03\/46e803fa-f526-4d2d-8ae9-3f714e259ced.jpeg\"><img loading=\"lazy\" decoding=\"async\" width=\"785\" height=\"1024\" data-id=\"1862\" src=\"https:\/\/www.fs-sprache-alter-muehlenweg.de\/wordpress\/wp-content\/uploads\/2021\/03\/46e803fa-f526-4d2d-8ae9-3f714e259ced-785x1024.jpeg\" alt=\"\" class=\"wp-image-1862\" srcset=\"https:\/\/www.fs-sprache-alter-muehlenweg.de\/wordpress\/wp-content\/uploads\/2021\/03\/46e803fa-f526-4d2d-8ae9-3f714e259ced-785x1024.jpeg 785w, https:\/\/www.fs-sprache-alter-muehlenweg.de\/wordpress\/wp-content\/uploads\/2021\/03\/46e803fa-f526-4d2d-8ae9-3f714e259ced-230x300.jpeg 230w, https:\/\/www.fs-sprache-alter-muehlenweg.de\/wordpress\/wp-content\/uploads\/2021\/03\/46e803fa-f526-4d2d-8ae9-3f714e259ced-768x1002.jpeg 768w, https:\/\/www.fs-sprache-alter-muehlenweg.de\/wordpress\/wp-content\/uploads\/2021\/03\/46e803fa-f526-4d2d-8ae9-3f714e259ced.jpeg 927w\" sizes=\"auto, (max-width: 785px) 100vw, 785px\" \/><\/a><\/figure>\n\n\n\n<figure class=\"wp-block-image size-large\"><a href=\"https:\/\/www.fs-sprache-alter-muehlenweg.de\/wordpress\/wp-content\/uploads\/2021\/03\/5b3f2ba8-7d8c-46c8-9382-71e8692413a9.jpeg\"><img loading=\"lazy\" decoding=\"async\" width=\"959\" height=\"1024\" data-id=\"1861\" src=\"https:\/\/www.fs-sprache-alter-muehlenweg.de\/wordpress\/wp-content\/uploads\/2021\/03\/5b3f2ba8-7d8c-46c8-9382-71e8692413a9-959x1024.jpeg\" alt=\"\" class=\"wp-image-1861\" srcset=\"https:\/\/www.fs-sprache-alter-muehlenweg.de\/wordpress\/wp-content\/uploads\/2021\/03\/5b3f2ba8-7d8c-46c8-9382-71e8692413a9-959x1024.jpeg 959w, https:\/\/www.fs-sprache-alter-muehlenweg.de\/wordpress\/wp-content\/uploads\/2021\/03\/5b3f2ba8-7d8c-46c8-9382-71e8692413a9-281x300.jpeg 281w, https:\/\/www.fs-sprache-alter-muehlenweg.de\/wordpress\/wp-content\/uploads\/2021\/03\/5b3f2ba8-7d8c-46c8-9382-71e8692413a9-768x820.jpeg 768w, https:\/\/www.fs-sprache-alter-muehlenweg.de\/wordpress\/wp-content\/uploads\/2021\/03\/5b3f2ba8-7d8c-46c8-9382-71e8692413a9.jpeg 1124w\" sizes=\"auto, (max-width: 959px) 100vw, 959px\" \/><\/a><\/figure>\n\n\n\n<figure class=\"wp-block-image size-large\"><a href=\"https:\/\/www.fs-sprache-alter-muehlenweg.de\/wordpress\/wp-content\/uploads\/2021\/03\/3b4d3565-6385-4852-9632-26fd2e84605e.jpeg\"><img loading=\"lazy\" decoding=\"async\" width=\"1024\" height=\"798\" data-id=\"1860\" src=\"https:\/\/www.fs-sprache-alter-muehlenweg.de\/wordpress\/wp-content\/uploads\/2021\/03\/3b4d3565-6385-4852-9632-26fd2e84605e-1024x798.jpeg\" alt=\"\" class=\"wp-image-1860\" srcset=\"https:\/\/www.fs-sprache-alter-muehlenweg.de\/wordpress\/wp-content\/uploads\/2021\/03\/3b4d3565-6385-4852-9632-26fd2e84605e-1024x798.jpeg 1024w, https:\/\/www.fs-sprache-alter-muehlenweg.de\/wordpress\/wp-content\/uploads\/2021\/03\/3b4d3565-6385-4852-9632-26fd2e84605e-300x234.jpeg 300w, https:\/\/www.fs-sprache-alter-muehlenweg.de\/wordpress\/wp-content\/uploads\/2021\/03\/3b4d3565-6385-4852-9632-26fd2e84605e-768x598.jpeg 768w, https:\/\/www.fs-sprache-alter-muehlenweg.de\/wordpress\/wp-content\/uploads\/2021\/03\/3b4d3565-6385-4852-9632-26fd2e84605e.jpeg 1200w\" sizes=\"auto, (max-width: 1024px) 100vw, 1024px\" \/><\/a><\/figure>\n\n\n\n<figure class=\"wp-block-image size-large\"><a href=\"https:\/\/www.fs-sprache-alter-muehlenweg.de\/wordpress\/wp-content\/uploads\/2021\/03\/00b391ff-07ad-45da-bbc5-807d5543c674.jpeg\"><img loading=\"lazy\" decoding=\"async\" width=\"1024\" height=\"930\" data-id=\"1859\" src=\"https:\/\/www.fs-sprache-alter-muehlenweg.de\/wordpress\/wp-content\/uploads\/2021\/03\/00b391ff-07ad-45da-bbc5-807d5543c674-1024x930.jpeg\" alt=\"\" class=\"wp-image-1859\" srcset=\"https:\/\/www.fs-sprache-alter-muehlenweg.de\/wordpress\/wp-content\/uploads\/2021\/03\/00b391ff-07ad-45da-bbc5-807d5543c674-1024x930.jpeg 1024w, https:\/\/www.fs-sprache-alter-muehlenweg.de\/wordpress\/wp-content\/uploads\/2021\/03\/00b391ff-07ad-45da-bbc5-807d5543c674-300x272.jpeg 300w, https:\/\/www.fs-sprache-alter-muehlenweg.de\/wordpress\/wp-content\/uploads\/2021\/03\/00b391ff-07ad-45da-bbc5-807d5543c674-768x697.jpeg 768w, https:\/\/www.fs-sprache-alter-muehlenweg.de\/wordpress\/wp-content\/uploads\/2021\/03\/00b391ff-07ad-45da-bbc5-807d5543c674.jpeg 1195w\" sizes=\"auto, (max-width: 1024px) 100vw, 1024px\" \/><\/a><\/figure>\n<\/figure>\n","protected":false},"excerpt":{"rendered":"<p>Im M\u00e4rz 2023 fand unsere diesj\u00e4hrige Fit-und-gesund-Woche statt. Den Schulalltag starteten wir immer mit einer gemeinsamen sportlichen Aktion auf dem Schulhof, wie beispielsweise einem Bewegungslied oder einer Joggingrunde um die <a class=\"more-link\" href=\"https:\/\/www.fs-sprache-alter-muehlenweg.de\/wordpress\/?page_id=3042\">Continue Reading &rarr;<\/a><\/p>\n","protected":false},"author":9,"featured_media":0,"parent":865,"menu_order":20,"comment_status":"closed","ping_status":"closed","template":"","meta":{"footnotes":""},"class_list":["post-3042","page","type-page","status-publish","hentry"],"_links":{"self":[{"href":"https:\/\/www.fs-sprache-alter-muehlenweg.de\/wordpress\/index.php?rest_route=\/wp\/v2\/pages\/3042","targetHints":{"allow":["GET"]}}],"collection":[{"href":"https:\/\/www.fs-sprache-alter-muehlenweg.de\/wordpress\/index.php?rest_route=\/wp\/v2\/pages"}],"about":[{"href":"https:\/\/www.fs-sprache-alter-muehlenweg.de\/wordpress\/index.php?rest_route=\/wp\/v2\/types\/page"}],"author":[{"embeddable":true,"href":"https:\/\/www.fs-sprache-alter-muehlenweg.de\/wordpress\/index.php?rest_route=\/wp\/v2\/users\/9"}],"replies":[{"embeddable":true,"href":"https:\/\/www.fs-sprache-alter-muehlenweg.de\/wordpress\/index.php?rest_route=%2Fwp%2Fv2%2Fcomments&post=3042"}],"version-history":[{"count":7,"href":"https:\/\/www.fs-sprache-alter-muehlenweg.de\/wordpress\/index.php?rest_route=\/wp\/v2\/pages\/3042\/revisions"}],"predecessor-version":[{"id":4187,"href":"https:\/\/www.fs-sprache-alter-muehlenweg.de\/wordpress\/index.php?rest_route=\/wp\/v2\/pages\/3042\/revisions\/4187"}],"up":[{"embeddable":true,"href":"https:\/\/www.fs-sprache-alter-muehlenweg.de\/wordpress\/index.php?rest_route=\/wp\/v2\/pages\/865"}],"wp:attachment":[{"href":"https:\/\/www.fs-sprache-alter-muehlenweg.de\/wordpress\/index.php?rest_route=%2Fwp%2Fv2%2Fmedia&parent=3042"}],"curies":[{"name":"wp","href":"https:\/\/api.w.org\/{rel}","templated":true}]}}