{"id":668,"date":"2018-12-05T18:56:11","date_gmt":"2018-12-05T17:56:11","guid":{"rendered":"http:\/\/www.fs-sprache-alter-muehlenweg.de\/wordpress\/?page_id=668"},"modified":"2025-09-19T13:19:26","modified_gmt":"2025-09-19T11:19:26","slug":"weihnachten-am-alten-muehlenweg","status":"publish","type":"page","link":"https:\/\/www.fs-sprache-alter-muehlenweg.de\/wordpress\/?page_id=668","title":{"rendered":"Weihnachten am Alten M\u00fchlenweg"},"content":{"rendered":"<div class=\"wp-block-image\">\n<figure class=\"aligncenter size-full is-resized\"><a href=\"https:\/\/www.fs-sprache-alter-muehlenweg.de\/wordpress\/wp-content\/uploads\/2024\/12\/Weihnachtsbaum-Geschenke.png\"><img loading=\"lazy\" decoding=\"async\" width=\"563\" height=\"822\" src=\"https:\/\/www.fs-sprache-alter-muehlenweg.de\/wordpress\/wp-content\/uploads\/2024\/12\/Weihnachtsbaum-Geschenke.png\" alt=\"\" class=\"wp-image-4064\" style=\"width:580px;height:auto\" srcset=\"https:\/\/www.fs-sprache-alter-muehlenweg.de\/wordpress\/wp-content\/uploads\/2024\/12\/Weihnachtsbaum-Geschenke.png 563w, https:\/\/www.fs-sprache-alter-muehlenweg.de\/wordpress\/wp-content\/uploads\/2024\/12\/Weihnachtsbaum-Geschenke-205x300.png 205w\" sizes=\"auto, (max-width: 563px) 100vw, 563px\" \/><\/a><figcaption class=\"wp-element-caption\">Ein herzliches DANKESCH\u00d6N f\u00fcr die gro\u00dfz\u00fcgige Spende der Domspitzen e.V. Die Kinder freuten sich \u00fcber tolle Geschenke zu Weihnachten 2024.<\/figcaption><\/figure>\n<\/div>\n\n<p><a href=\"https:\/\/www.fs-sprache-alter-muehlenweg.de\/wordpress\/wp-content\/uploads\/2018\/12\/IMG_4137-1-e1545068576416.jpg\"><img loading=\"lazy\" decoding=\"async\" class=\"alignnone size-medium wp-image-744\" src=\"https:\/\/www.fs-sprache-alter-muehlenweg.de\/wordpress\/wp-content\/uploads\/2018\/12\/IMG_4137-1-e1545068576416-225x300.jpg\" alt=\"\" width=\"225\" height=\"300\" srcset=\"https:\/\/www.fs-sprache-alter-muehlenweg.de\/wordpress\/wp-content\/uploads\/2018\/12\/IMG_4137-1-e1545068576416-225x300.jpg 225w, https:\/\/www.fs-sprache-alter-muehlenweg.de\/wordpress\/wp-content\/uploads\/2018\/12\/IMG_4137-1-e1545068576416.jpg 240w\" sizes=\"auto, (max-width: 225px) 100vw, 225px\" \/><\/a><a href=\"https:\/\/www.fs-sprache-alter-muehlenweg.de\/wordpress\/wp-content\/uploads\/2018\/12\/IMG_4135.jpg\"><img loading=\"lazy\" decoding=\"async\" class=\"alignnone size-medium wp-image-741\" src=\"https:\/\/www.fs-sprache-alter-muehlenweg.de\/wordpress\/wp-content\/uploads\/2018\/12\/IMG_4135-300x225.jpg\" alt=\"\" width=\"300\" height=\"225\" srcset=\"https:\/\/www.fs-sprache-alter-muehlenweg.de\/wordpress\/wp-content\/uploads\/2018\/12\/IMG_4135-300x225.jpg 300w, https:\/\/www.fs-sprache-alter-muehlenweg.de\/wordpress\/wp-content\/uploads\/2018\/12\/IMG_4135.jpg 320w\" sizes=\"auto, (max-width: 300px) 100vw, 300px\" \/><\/a><a href=\"https:\/\/www.fs-sprache-alter-muehlenweg.de\/wordpress\/wp-content\/uploads\/2017\/02\/IMG_4134.jpg\"><img loading=\"lazy\" decoding=\"async\" class=\"aligncenter size-full wp-image-721\" src=\"https:\/\/www.fs-sprache-alter-muehlenweg.de\/wordpress\/wp-content\/uploads\/2017\/02\/IMG_4134.jpg\" alt=\"\" width=\"320\" height=\"240\" srcset=\"https:\/\/www.fs-sprache-alter-muehlenweg.de\/wordpress\/wp-content\/uploads\/2017\/02\/IMG_4134.jpg 320w, https:\/\/www.fs-sprache-alter-muehlenweg.de\/wordpress\/wp-content\/uploads\/2017\/02\/IMG_4134-300x225.jpg 300w\" sizes=\"auto, (max-width: 320px) 100vw, 320px\" \/><\/a><\/p>\n<p><a href=\"https:\/\/www.fs-sprache-alter-muehlenweg.de\/wordpress\/wp-content\/uploads\/2017\/02\/IMG_4138.jpg\"><img loading=\"lazy\" decoding=\"async\" class=\"aligncenter size-full wp-image-725\" src=\"https:\/\/www.fs-sprache-alter-muehlenweg.de\/wordpress\/wp-content\/uploads\/2017\/02\/IMG_4138.jpg\" alt=\"\" width=\"320\" height=\"240\" srcset=\"https:\/\/www.fs-sprache-alter-muehlenweg.de\/wordpress\/wp-content\/uploads\/2017\/02\/IMG_4138.jpg 320w, https:\/\/www.fs-sprache-alter-muehlenweg.de\/wordpress\/wp-content\/uploads\/2017\/02\/IMG_4138-300x225.jpg 300w\" sizes=\"auto, (max-width: 320px) 100vw, 320px\" \/><\/a><a href=\"https:\/\/www.fs-sprache-alter-muehlenweg.de\/wordpress\/wp-content\/uploads\/2018\/12\/IMG_4131.jpg\"><img loading=\"lazy\" decoding=\"async\" class=\"aligncenter size-full wp-image-712\" src=\"https:\/\/www.fs-sprache-alter-muehlenweg.de\/wordpress\/wp-content\/uploads\/2018\/12\/IMG_4131.jpg\" alt=\"\" width=\"320\" height=\"240\" srcset=\"https:\/\/www.fs-sprache-alter-muehlenweg.de\/wordpress\/wp-content\/uploads\/2018\/12\/IMG_4131.jpg 320w, https:\/\/www.fs-sprache-alter-muehlenweg.de\/wordpress\/wp-content\/uploads\/2018\/12\/IMG_4131-300x225.jpg 300w\" sizes=\"auto, (max-width: 320px) 100vw, 320px\" \/><\/a><\/p>\n<p><a href=\"https:\/\/www.fs-sprache-alter-muehlenweg.de\/wordpress\/wp-content\/uploads\/2017\/02\/IMG_4144.jpg\"><img loading=\"lazy\" decoding=\"async\" class=\"aligncenter size-full wp-image-724\" src=\"https:\/\/www.fs-sprache-alter-muehlenweg.de\/wordpress\/wp-content\/uploads\/2017\/02\/IMG_4144.jpg\" alt=\"\" width=\"320\" height=\"240\" srcset=\"https:\/\/www.fs-sprache-alter-muehlenweg.de\/wordpress\/wp-content\/uploads\/2017\/02\/IMG_4144.jpg 320w, https:\/\/www.fs-sprache-alter-muehlenweg.de\/wordpress\/wp-content\/uploads\/2017\/02\/IMG_4144-300x225.jpg 300w\" sizes=\"auto, (max-width: 320px) 100vw, 320px\" \/><\/a><\/p>\n<p><a href=\"https:\/\/www.fs-sprache-alter-muehlenweg.de\/wordpress\/wp-content\/uploads\/2018\/12\/DSC03086.jpg\"><img loading=\"lazy\" decoding=\"async\" class=\"size-medium wp-image-670 alignnone\" src=\"https:\/\/www.fs-sprache-alter-muehlenweg.de\/wordpress\/wp-content\/uploads\/2018\/12\/DSC03086-300x225.jpg\" alt=\"\" width=\"300\" height=\"225\" srcset=\"https:\/\/www.fs-sprache-alter-muehlenweg.de\/wordpress\/wp-content\/uploads\/2018\/12\/DSC03086-300x225.jpg 300w, https:\/\/www.fs-sprache-alter-muehlenweg.de\/wordpress\/wp-content\/uploads\/2018\/12\/DSC03086-768x576.jpg 768w, https:\/\/www.fs-sprache-alter-muehlenweg.de\/wordpress\/wp-content\/uploads\/2018\/12\/DSC03086-1024x768.jpg 1024w\" sizes=\"auto, (max-width: 300px) 100vw, 300px\" \/><\/a><a href=\"https:\/\/www.fs-sprache-alter-muehlenweg.de\/wordpress\/wp-content\/uploads\/2018\/12\/DSC03088.jpg\"><img loading=\"lazy\" decoding=\"async\" class=\"size-medium wp-image-671 alignnone\" src=\"https:\/\/www.fs-sprache-alter-muehlenweg.de\/wordpress\/wp-content\/uploads\/2018\/12\/DSC03088-300x225.jpg\" alt=\"\" width=\"300\" height=\"225\" srcset=\"https:\/\/www.fs-sprache-alter-muehlenweg.de\/wordpress\/wp-content\/uploads\/2018\/12\/DSC03088-300x225.jpg 300w, https:\/\/www.fs-sprache-alter-muehlenweg.de\/wordpress\/wp-content\/uploads\/2018\/12\/DSC03088-768x576.jpg 768w, https:\/\/www.fs-sprache-alter-muehlenweg.de\/wordpress\/wp-content\/uploads\/2018\/12\/DSC03088-1024x768.jpg 1024w\" sizes=\"auto, (max-width: 300px) 100vw, 300px\" \/><\/a><\/p>\n<p>Jedes Jahr basteln die Kinder viele Weihnachtskarten. Diese Karten haben die Sonnenblumen-Klasse und die Eulen-Klasse\u00a0<span style=\"font-weight: 300;\">gebastelt.<\/span><\/p>\n<p style=\"text-align: left;\">In der Adventszeit\u00a0 treffen sich alle Kinder einmal w\u00f6chentlich zum Singen und Feiern im Foyer. Sie singen gemeinsam jahreszeitliche und vorweihnachtliche Lieder.\u00a0 Feierlich werden die Kerzen am Adventskranz angez\u00fcndet. Es gibt einen gro\u00dfen Tannenbaum, der von den Kindern jeden Tag weiter geschm\u00fcckt wird (siehe Foto). Verschiedene Klassen f\u00fchren kleine Theaterst\u00fccke auf, tragen Gedichte oder Lieder vor.<\/p>\n<p>Um den 6. Dezember herum kommt oft der Nikolaus in die Schule und bringt den Kindern etwas zum Naschen.<\/p>\n<p style=\"text-align: left;\">\u00a0<\/p>\n\n\n<hr class=\"wp-block-separator has-alpha-channel-opacity\"\/>\n\n\n\n<p>06.12.2024<br><strong>Der Nikolaus war da!<br><\/strong>Der Nikolaus besuchte unsere Schule! Mit einem Blick in sein Buch und vielleicht der ein oder anderen kleinen \u00dcberraschung brachte er Kinderaugen zum Leuchten.<br>Wir freuten uns \u00fcber einen zauberhaften Nikolaustag mit sch\u00f6nen Momenten in allen Klassen!<\/p>\n\n\n\n<figure class=\"wp-block-image size-full is-resized\"><a href=\"https:\/\/www.fs-sprache-alter-muehlenweg.de\/wordpress\/wp-content\/uploads\/2024\/12\/Nikolaus-6-12-2024.png\"><img loading=\"lazy\" decoding=\"async\" width=\"925\" height=\"413\" src=\"https:\/\/www.fs-sprache-alter-muehlenweg.de\/wordpress\/wp-content\/uploads\/2024\/12\/Nikolaus-6-12-2024.png\" alt=\"\" class=\"wp-image-4030\" style=\"width:689px;height:auto\" srcset=\"https:\/\/www.fs-sprache-alter-muehlenweg.de\/wordpress\/wp-content\/uploads\/2024\/12\/Nikolaus-6-12-2024.png 925w, https:\/\/www.fs-sprache-alter-muehlenweg.de\/wordpress\/wp-content\/uploads\/2024\/12\/Nikolaus-6-12-2024-300x134.png 300w, https:\/\/www.fs-sprache-alter-muehlenweg.de\/wordpress\/wp-content\/uploads\/2024\/12\/Nikolaus-6-12-2024-768x343.png 768w\" sizes=\"auto, (max-width: 925px) 100vw, 925px\" \/><\/a><\/figure>\n","protected":false},"excerpt":{"rendered":"<p>Jedes Jahr basteln die Kinder viele Weihnachtskarten. Diese Karten haben die Sonnenblumen-Klasse und die Eulen-Klasse\u00a0gebastelt. In der Adventszeit\u00a0 treffen sich alle Kinder einmal w\u00f6chentlich zum Singen und Feiern im Foyer. <a class=\"more-link\" href=\"https:\/\/www.fs-sprache-alter-muehlenweg.de\/wordpress\/?page_id=668\">Continue Reading &rarr;<\/a><\/p>\n","protected":false},"author":9,"featured_media":0,"parent":78,"menu_order":5,"comment_status":"closed","ping_status":"closed","template":"","meta":{"footnotes":""},"class_list":["post-668","page","type-page","status-publish","hentry"],"_links":{"self":[{"href":"https:\/\/www.fs-sprache-alter-muehlenweg.de\/wordpress\/index.php?rest_route=\/wp\/v2\/pages\/668","targetHints":{"allow":["GET"]}}],"collection":[{"href":"https:\/\/www.fs-sprache-alter-muehlenweg.de\/wordpress\/index.php?rest_route=\/wp\/v2\/pages"}],"about":[{"href":"https:\/\/www.fs-sprache-alter-muehlenweg.de\/wordpress\/index.php?rest_route=\/wp\/v2\/types\/page"}],"author":[{"embeddable":true,"href":"https:\/\/www.fs-sprache-alter-muehlenweg.de\/wordpress\/index.php?rest_route=\/wp\/v2\/users\/9"}],"replies":[{"embeddable":true,"href":"https:\/\/www.fs-sprache-alter-muehlenweg.de\/wordpress\/index.php?rest_route=%2Fwp%2Fv2%2Fcomments&post=668"}],"version-history":[{"count":33,"href":"https:\/\/www.fs-sprache-alter-muehlenweg.de\/wordpress\/index.php?rest_route=\/wp\/v2\/pages\/668\/revisions"}],"predecessor-version":[{"id":4220,"href":"https:\/\/www.fs-sprache-alter-muehlenweg.de\/wordpress\/index.php?rest_route=\/wp\/v2\/pages\/668\/revisions\/4220"}],"up":[{"embeddable":true,"href":"https:\/\/www.fs-sprache-alter-muehlenweg.de\/wordpress\/index.php?rest_route=\/wp\/v2\/pages\/78"}],"wp:attachment":[{"href":"https:\/\/www.fs-sprache-alter-muehlenweg.de\/wordpress\/index.php?rest_route=%2Fwp%2Fv2%2Fmedia&parent=668"}],"curies":[{"name":"wp","href":"https:\/\/api.w.org\/{rel}","templated":true}]}}